(-154)). Let t = d - -24. Let f be (-1027)/(-6) - (-2)/t. What is the highest common factor of f and 19?
19
Let s(b) = -3*b**3 + 23*b**2 + 11*b - 6. Let m be s(8). Calculate the highest common factor of 22 and m.
2
Let f be -4 - (6531/(-77) - (-2)/(-11)). What is the highest common divisor of 36 and f?
9
Let m(t) = 89*t**2 + 4*t - 6. Let c be m(-2). Calculate the highest common divisor of 18 and c.
18
Let g = -40 + 84. Suppose -3*w + 4*t = -g + 124, 0 = 3*w + 4*t + 40. Let m = w - -41. Calculate the greatest common divisor of 7 and m.
7
Let d(o) = -4 - 1 - o**3 + 6*o**2 + 0*o**2 - o. Let h be d(5). Suppose 5*g - 3*f - h = 2*g, -f = 5*g - 7. Calculate the highest common divisor of 2 and g.
2
Suppose -2*n - 8 = 0, -156 = -4*h + 8*n - 5*n. What is the highest common factor of h and 297?
9
Let p(k) = -k**3 - 18*k**2 + 19*k + 16. Suppose 112 - 36 = -4*u. Let b be p(u). What is the greatest common factor of b and 40?
8
Suppose -34*z + 2600 = -8*z. What is the highest common factor of 90 and z?
10
Let q(l) = -2*l**2 - 37*l - 45. Let v(z) = z**2 + 19*z + 22. Let o(j) = -2*q(j) - 5*v(j). Let x be o(-10). What is the highest common factor of x and 9?
9
Suppose 2*i = 7*i - 35. Let d be (9/(-54))/(1/(-6)). Let q be (-82)/(-6) - d/(-3). Calculate the highest common factor of q and i.
7
Let f(v) = -v**3 + 11*v**2 + 3*v + 26. Let k be f(11). What is the highest common divisor of 767 and k?
59
Suppose 2*j - 2*y - 26 = 0, -3*j + 8*j - 105 = -3*y. Let l be (-2 - 3) + -6 + 38. What is the highest common divisor of l and j?
9
Suppose 4*d = 4*n + 64, 4*d + n + n - 82 = 0. Let p = d + -10. Let g be p - -1 - 7/(-7). Calculate the highest common divisor of g and 99.
11
Suppose -28 - 20 = -4*o. What is the highest common factor of o and 48?
12
Let v(d) = 32*d - 11. Let b be v(1). Calculate the greatest common factor of b and 9.
3
Let k(a) = -a**3 - 21*a**2 + 23*a + 28. Let l be k(-22). Suppose n - 5*r = -l, -4*n + 68 = -0*n + 3*r. Calculate the greatest common factor of 56 and n.
14
Let h = 18 - -30. Let x be (-81)/12*h/(-9). What is the highest common factor of x and 4?
4
Let f be 81/(4 - 20/8) - -3. What is the highest common factor of f and 3?
3
Let y(z) = 5*z**2 - 13*z + 2. Suppose -3*r = -3, r = -m - 0*r + 5. Let k be y(m). What is the greatest common divisor of 20 and k?
10
Suppose 4*u = 62 + 94. What is the greatest common divisor of u and 3?
3
Let y be (-3)/(9/(-15)) + 0. Suppose 5 = -5*a, y*d - 2*a - 32 = 2*d. Suppose 3*n - 124 = 116. Calculate the highest common divisor of n and d.
10
Suppose -2*c = 8*c - 300. Let d(s) = s - 13. Let t be d(-7). Let l be 18/(-10)*t/6. What is the greatest common divisor of c and l?
6
Suppose -r = -5*h - 98, 62*r - 57*r - 3*h = 600. What is the highest common factor of 287 and r?
41
Let x = -72 + 51. Let l be (-4722)/x + (-3)/(-21). What is the greatest common divisor of 25 and l?
25
Let y = -15 + 127. Suppose -v + 29 = 5*i - 0*i, -3*v + 57 = 5*i. What is the highest common factor of y and v?
14
Let v = -622 - -636. Calculate the highest common divisor of 40 and v.
2
Suppose 139*r + 308 = 150*r. What is the highest common divisor of 70 and r?
14
Let l be 0 - (-3 + -3 + 1). Suppose -l*g = -27 - 1083. Suppose -3*u = -2*b - 0*u + 135, 0 = 3*b + 2*u - g. Calculate the greatest common factor of b and 9.
9
Let r be (-9)/(216/(-60))*372/5. What is the greatest common divisor of 24 and r?
6
Suppose 6*p = p + 95. Suppose p*i - 75 = 14*i. Let v be (-4)/14 + (-212)/(-7). Calculate the greatest common factor of i and v.
15
Let t(n) = 2*n - 7. Suppose -2*m + 5*g - 3*g = -146, 5*g = 10. Let b be 133/15 + 10/m. Let y be t(b). Calculate the greatest common factor of y and 44.
11
Suppose -198 = -2*y - 5*j, -4*y = -0*y + j - 396. Calculate the highest common factor of y and 11.
11
Let p = 10 - 7. Let t(u) = u**3 - 2*u**2 - 5*u + 3. Let x be t(p). Let v be x + (-3 + 3 - -12). Calculate the highest common divisor of 9 and v.
9
Suppose 5*t = -4*g + 7*g - 170, 262 = 5*g - 3*t. Calculate the greatest common factor of g and 2.
2
Let j(o) = 194*o + 405. Let b be j(-2). What is the greatest common factor of b and 272?
17
Let u = -40 - -22. Let q be (-8)/(-36) + (-1184)/u. Let t = 134 - 112. What is the highest common factor of q and t?
22
Let v = -27 - -42. Suppose -9*u - 677 = -6653. Suppose 2*h = i - 161, 6*i + u = 10*i + 2*h. Calculate the greatest common factor of i and v.
15
Let k(g) = g**3 - 6*g**2 + 3*g + 6. Let f(s) = -s + 2. Let h be f(-4). Let z be k(h). Let b be (z/18)/(2/120). What is the greatest common factor of b and 32?
16
Suppose -11*z + 5572 = -1523. What is the highest common factor of z and 86?
43
Suppose -61*f - 43710 = -91*f. What is the greatest common factor of 31 and f?
31
Suppose 0 = -17*f - 216 + 1032. What is the highest common factor of 6 and f?
6
Let j = -41 + 51. Let m be (192/(-30) - 6)/((-1)/j). Calculate the greatest common divisor of 93 and m.
31
Let y(s) = 42*s - 74. Let d be y(3). What is the highest common divisor of 3692 and d?
52
Suppose -5*f + 5*b + 424 = -151, 4*f + b = 485. What is the highest common factor of 80 and f?
40
Suppose 5*j = -2*u - 6 + 23, -j = 5*u + 15. Let y be 9*j + (-33)/(-11). Suppose -2*a - 3*a = -80. What is the greatest common divisor of a and y?
16
Let r(q) = q**3 + 12*q**2 - 29*q - 33. Let o be r(-14). Let p = o - -99. Calculate the greatest common factor of 120 and p.
40
Suppose -4*i - 5*g + 64 = 0, -8*g = 5*i - 3*g - 75. Let x = i + -9. Suppose x*b - 216 - 268 = 0. Calculate the highest common divisor of b and 22.
22
Let o(d) = 5*d - 4. Let t be o(2). Suppose -u + t*u = 100. Let k(y) = 6*y**2 + 2*y + 1. Let z be k(-1). What is the greatest common factor of u and z?
5
Let s be 1/3 - (-168)/9. Suppose -s = -2*t + 29. Let v(o) = -30*o + 6. Let l be v(-7). What is the greatest common factor of t and l?
24
Let o = 3 - -1. Let r(p) be the second derivative of -p**4/12 + p**3 + p**2/2 + 8*p. Let q be r(o). Calculate the greatest common divisor of q and 6.
3
Let r be (-140)/(-49)*(-7)/(-2). Suppose 46 - r = 2*w. What is the highest common divisor of 6 and w?
6
Let a be 41/(-7) - 7/49. Let s be (-330)/9*a/4. Calculate the highest common divisor of s and 11.
11
Suppose 5 = d - 2. Suppose 0 = -5*f + 3*a + 45, 2*f - 2 + 5 = -3*a. Suppose 15 = f*v - 27. Calculate the greatest common factor of v and d.
7
Let d be 700/7*((-340)/16)/(-5). What is the greatest common factor of d and 34?
17
Suppose -5*g - 3*v = -205, 4*g + 205 = 9*g - 5*v. Calculate the greatest common divisor of g and 369.
41
Let y = -787 - -1297. Calculate the greatest common divisor of 408 and y.
102
Suppose 4*t + 100 = 3*b + b, -b - 5*t - 5 = 0. Let l be (b/(-14))/(1/(-7)). Calculate the greatest common divisor of l and 20.
10
Let h be (-132)/(-2) + -11 + 11. Suppose 3*y - h = -2*s, y + 3*s - 21 = 2*s. What is the highest common factor of y and 192?
24
Let p be ((-1)/4)/(2375/340 - 7). Calculate the highest common divisor of 731 and p.
17
Suppose -9*o = -7*o - 66. Suppose k = 11 - 0. Calculate the highest common factor of o and k.
11
Let z = 1403 - 1052. What is the highest common factor of z and 216?
27
Let a(i) = -5*i + 135. Let o be a(-20). Calculate the highest common divisor of 47 and o.
47
Let t(g) = -97 + 188 - 100 - 10*g. Let w be t(-3). What is the highest common divisor of 7 and w?
7
Let o be 24/(-10)*(-10)/4. Let d(g) = 5*g - 2*g + 3 - 6. Let s be d(o). What is the highest common factor of s and 150?
15
Let w(x) = 3*x + 20. Let a be w(-6). Suppose 72 = -3*q + a*k + 525, 3*q + 5*k - 474 = 0. Calculate the greatest common factor of 17 and q.
17
Let o be (-25389)/(-868)*(0 + 1 + 15). Calculate the highest common divisor of 72 and o.
36
Let b = 32 - 22. Suppose -5*l + b*l = -5. Let n be (2 - l)*4/12. Calculate the greatest common factor of 2 and n.
1
Suppose -j = -6*j + 2*b + 105, 102 = 4*j + 2*b. Calculate the greatest common divisor of 529 and j.
23
Let n be (-18)/99 - (-2)/11. Suppose 3*r - 6*r + 765 = n. What is the highest common divisor of r and 15?
15
Let i(m) = -m**3 + 13*m**2 - 13*m + 9. Let y be i(12). Let h be ((-1)/y)/(8/432). Let d be (-1347)/(-15) + 1/5. Calculate the highest common divisor of h and d.
18
Let i be 12/15*(-900)/(-40). Calculate the greatest common factor of 24 and i.
6
Let g be (-57)/(-21) - 